*p, 2*c = -6*p + 9*p + t. Let d(v) = -2*v + 7. Give d(c).
13
Suppose 78*f = 68*f. Suppose -3*t + c + 1 = -f*c, -2*t = c + 1. Let h(w) = -5*w + 19. Let m(x) = -x + 5. Let a(i) = 2*h(i) - 9*m(i). What is a(t)?
-7
Let g(w) = -36*w**2 + 18*w + 1. Let u(r) = 13*r**2 - 6*r - 1. Let l(c) = -4*g(c) - 11*u(c). Calculate l(5).
2
Let x(q) = -8*q**2 - q + 2. Let b(s) = 9*s**2 + s - 3. Let d(v) = 2*b(v) + 3*x(v). Suppose 31542*k - 31565*k + 23 = 0. Calculate d(k).
-7
Let a(p) = p**2 + 15*p + 26. Suppose 22*c - 6*c + 224 = 0. What is a(c)?
12
Let t(g) = 14*g**2 + 2*g + 3. Let o(j) = 5*j**2 + j + 1. Let w(s) = -11*o(s) + 4*t(s). Let f(y) = 8127*y - 146283. Let b be f(18). Calculate w(b).
1
Let w(o) = -9*o - o**3 - 5*o**2 - 4*o - 1 - 2*o + 17*o. Let f = -139 + 134. Calculate w(f).
-11
Let i = -33 - -39. Let d(o) = -7*o + 30. Let r(m) = 4. Let l(h) = -d(h) + 6*r(h). Give l(i).
36
Let z(c) be the third derivative of -c**6/120 - c**5/6 - 5*c**4/12 + c**3/2 - c**2. Let w(d) = d**3 + 22*d**2 - 137*d - 63. Let a be w(-27). Determine z(a).
12
Let y(s) be the first derivative of -4 + s + 3/2*s**2. What is y(3)?
10
Let m(o) = 2*o**2 + 16*o - 1760. Let n be m(26). Let a(c) = c. Let v(x) = -8*x + 7. Let y(i) = -14*a(i) - 2*v(i). Give y(n).
2
Suppose -8*i + 147 = -i. Suppose -i = 2*b - 27. Let z(w) = 6*w - 3. What is z(b)?
15
Let i(o) be the first derivative of 35 - 1/20*o**5 + 5/2*o**2 - 9*o + 1/2*o**3 - 1/3*o**4. Let x(d) be the first derivative of i(d). Determine x(-5).
15
Let s(u) = -u**2 - 6*u - 7. Let a be ((-19)/38)/((-18)/(-8) + -2). Let i(n) = -3*n**2 - 18*n - 20. Let v(d) = a*i(d) + 7*s(d). Determine v(-8).
-25
Let q be (-20)/35 + 75/21. Let p(b) = -b**2 + 4*b - 7. Determine p(q).
-4
Suppose 0 = -5*d + 4*g + 17 + 10, 4*g - 1 = d. Let q(u) = 1. Suppose z - 4*z + 5*a = 9, 4*a = 0. Let n(b) = b - 5. Let i(y) = z*q(y) - n(y). Calculate i(d).
-5
Let t(k) = k**3 + 51*k**2 + 50*k + 10. Let j(s) = -s**3 - 28*s**2 - 88*s - 18. Let p be j(-4). Give t(p).
10
Suppose -24 = -5*s + 3*o, -14*o = 5*s - 11*o - 36. Let k be (s + -10 - -8) + (-1 - -1). Let l(m) = -m**3 + 3*m**2 + 2*m + 2. Determine l(k).
-6
Let t(i) be the second derivative of i**3/2 - 9*i**2/2 - i. Suppose -2*x + 125*b = 122*b - 15, -4*x - 5*b + 19 = 0. Determine t(x).
9
Suppose 5*c + 8 = 2*d, -2*d + 3*c + 30 = 2*d. Let h(u) = -3*u + 24. Let w be h(d). Let o(p) = 5 - 1 + p**2 + 4*p - 1. Calculate o(w).
0
Let n(r) = 4*r - 5. Let z(b) = -b**2 + 17*b - 12. Let i be z(19). Let s = -43 - i. Give n(s).
23
Let i = -17 + 19. Let j(w) be the third derivative of -w**5/10 + w**4/6 - w**3/3 + w**2 + 1513. Give j(i).
-18
Let t(x) = x**3 - 7*x**2 - 9*x + 12. Let o(n) = n**2 + 13*n + 26. Let l be o(-11). Suppose l*r - 10 = 14. Let s = 14 - r. Determine t(s).
4
Let w(v) = 8*v**2 + 2*v + 2. Let b(f) = 33*f**2 + 29*f + 35. Let k(u) = -b(u) + 4*w(u). Give k(-15).
63
Let h(x) = -x + x**3 + 3 - 7 - 2*x**3 + 7 + 5*x**2. Let r = 97 + -101. Let z be (1*2 + 27/(-9))*r. What is h(z)?
15
Let p(s) be the second derivative of 0 + 5/6*s**3 - 5/2*s**2 - 5*s. Let z be 32/(-128) + (-3)/(-44) - (-68)/11. Give p(z).
25
Let y(s) = 11*s**2 + 132*s + 4. Let x be (-1 - -5)*-2*(-8 + (-133)/(-14)). Give y(x).
4
Suppose 267 = 112*z + 810 + 1025. Let d(p) = 20*p + 279. What is d(z)?
-1
Let k(i) = 12*i - 30. Let f(r) = 4*r**2 - 34*r + 75. Let o be f(4). Determine k(o).
6
Let k be 4/6*189/42. Let m(l) = 8*l - 22*l**2 + 15*l**2 + 1 + k + 6*l**2. Determine m(8).
4
Let l(k) = k**3 - k**2 - k - 48. Suppose 2 = a - h, -8 = -2*a - 0*h + 4*h. Determine l(a).
-48
Let q(x) = 190*x - 1525. Let f be q(8). Let n(m) = 3*m - 6 - m + m + m**2 + m. What is n(f)?
-1
Let v(y) = y**3 + 2*y**2 - 1. Suppose 37*r - 5 = 38*r. Let a be 8/(-12) - r/(-15). Let l be a + 2 + -4 + 4. Determine v(l).
2
Let i(x) = x**3 - 2*x**2 + 3*x - 1. Let d(f) = -5*f**3 + 24*f**2 + f + 17. Let a(u) = d(u) + 6*i(u). Determine a(-10).
21
Let z(t) = 4*t + 3. Let v = 142 - 138. Let b be -4 - (36/v - -1). Let n be (-42)/(-147) + ((-52)/b - 0). What is z(n)?
19
Let u(m) = 12*m**2 - 72*m + 37. Let q(w) = -35*w**2 + 215*w - 110. Let n(c) = -8*q(c) - 23*u(c). Determine n(16).
29
Let c(k) be the third derivative of k**7/840 + k**5/120 - k**4/8 - 13*k**3 + 2*k**2 + 52*k. Let z(l) be the first derivative of c(l). Give z(0).
-3
Suppose -4*z = 16, 16*m - 4*z = 20*m + 8. Let r(k) = -5 + 1 + 2*k**2 + 6*k - k**3 - 2 + k**m. Calculate r(4).
2
Let b(c) = -3*c**2 + c. Let p(y) = -y**2 - 1. Let s(r) = -11*r**2 + 3*r - 10. Let h(z) = 3*p(z) - s(z). Let j(i) = 3*b(i) + h(i). What is j(0)?
7
Let l(b) = -19*b - 42. Let x(k) = 88*k + 169. Let s(c) = 9*l(c) + 2*x(c). Determine s(8).
0
Let r(b) = 8*b**3 - 22*b**2 - 7*b + 1. Let v(y) = 6*y**3 - 16*y**2 - 5*y + 2. Let u(m) = 4*r(m) - 5*v(m). What is u(6)?
120
Suppose 0 = -10*g + 12*g. Suppose c - 5*b - 23 = g, 5*c - b + 13 = 32. Suppose 0*n = c*n - 12. Let x(h) = h**2 - 2*h - 5. Determine x(n).
3
Let f(q) = -2*q + 45. Let c(p) = 7*p**2 + 108*p + 210. Let n be c(-2). What is f(n)?
1
Let d(s) = s**2 + 38*s - 9. Let c(z) = -z**2 - 47*z + 8. Let j(y) = 5*c(y) + 6*d(y). Determine j(8).
-6
Let k = 7 - 0. Let n(x) = k + 0*x**2 - 5 - x - 2*x**2. Let f be -7 + 7 + -8 + 6. Determine n(f).
-4
Let f(b) = 2*b**3 + 6*b**2 - b + 15. Let v be f(-5). Let w = -75 - v. Let r be (-108)/20 + w + (-37)/(-5). Let i(t) = -t**2 + 8*t - 7. Give i(r).
0
Let t(i) be the third derivative of i**6/120 + 7*i**5/30 + 19*i**4/24 + 7*i**3/3 - 1197*i**2. Determine t(-12).
74
Let u(s) be the third derivative of -s**5/60 + s**4/3 - s**2 + 4*s. What is u(8)?
0
Let a(s) be the second derivative of s**6/120 - s**5/12 + s**4/4 - s**3/3 - 45*s**2 + 21*s. Let i(r) be the first derivative of a(r). Give i(2).
-2
Let d(t) = -t - 5 + 5 - 1. Suppose -p - 3253 = -3262, 0 = 5*o - 2*p + 8. Determine d(o).
-3
Let d = 27345 + -27342. Let y(s) = 3*s**2 + 13*s - 51. Determine y(d).
15
Let y(q) = -16*q**2 - 19 - 9 + 60 - 18 - q**3 + 17*q. Give y(-17).
14
Let s(m) be the second derivative of -5*m**3/3 - m**2/2 + m. Let w be 9707/68 + (-20)/(-16). Suppose -w + 125 = 19*u. Determine s(u).
9
Let p(o) = -2*o**3 - 12*o**2 + 5*o - 3. Let u be (((-12)/(-2))/12)/((-7)/84). What is p(u)?
-33
Let l(j) be the second derivative of -j**5/20 + 5*j**4/6 + 4*j**3/3 + 4*j**2 + 8*j - 79. What is l(11)?
-25
Let x(c) be the first derivative of -c**4/4 + 5*c**3/3 + 4*c**2 + 36*c + 2084. Calculate x(7).
-6
Let z be (-3 - 1)*(5 - -192). Let a = 789 + z. Let x(k) = -6*k**2 + k. Calculate x(a).
-5
Let d(g) be the third derivative of g**5/60 + 7*g**4/6 + 151*g**3/6 + g**2 - 202. Give d(-21).
4
Let c(x) be the second derivative of -x**5/20 - 7*x**4/12 - 7*x**3/6 - 2*x**2 - 3081*x. Calculate c(-6).
2
Let n(z) be the second derivative of -11*z**3/6 + 20*z**2 + 2725*z. Determine n(6).
-26
Suppose 2*r = -5*l, 3*l + 0*l + 3*r = 0. Suppose 5*y - p = 6*y - 21, l = -y + 5*p + 9. Let v(n) = n**3 + 20*n - 2*n**2 - y*n - 5*n**3 + n**2. Determine v(1).
-4
Let w(s) = -s**2 + 5*s + 4. Let x be (-205)/82*(-8)/70 + (-33)/(-7). Calculate w(x).
4
Let u(t) = -32 + 76 - 22 - 28 + t - 5*t. Suppose 0 = -5*m + 4*m + 5. Calculate u(m).
-26
Let x(n) = -3*n + 1. Let i be x(-1). Suppose -u = -v - i, 3*v = 2*v - 4*u - 4. Let c be -1*v/12*3. Let d(s) = -4*s**3 + 2*s - 1. Determine d(c).
-3
Let d(f) be the second derivative of -f**6/360 - 3*f**5/40 - f**4/8 - 20*f**3 + 143*f. Let a(k) be the second derivative of d(k). What is a(-8)?
5
Let o(l) be the third derivative of 0*l**3 + 1/30*l**5 + 0*l + 1/240*l**6 + 43/24*l**4 + 0 - 31*l**2. Let m(j) be the second derivative of o(j). What is m(3)?
13
Let t(w) = 3*w**3 - 6*w**2 - 6*w - 5. Let p(m) = -2*m**3 + 7*m**2 + 5*m + 6. Let x(j) = -4*p(j) - 3*t(j). Suppose 0 = -230*c + 203*c - 270. Give x(c).
11
Suppose 118*j = 93*j - 50. Let g(x) = -3*x + 13. Let r(y) = -3*y + 15. Let o(c) = j*r(c) + 3*g(c). What is o(4)?
-3
Let s be 4/6*(-1 - -7). Suppose -4*m + 0*m = -s. Let d(t) = 3*t - 25 - 4*t + 2 - 11 + 35 + 7*t**2. Calculate d(m).
7
Let c(w) be the third derivative of -w**6/120 - 7*w**5/60 + 7*w**4/24 + 17*w**3/6 - w**2 + 3058*w. Determine c(-7).
-32
Let q(f) be the third derivative of -13*f**5/60 - 77*f**4/24 + 13*f**3/6 - 3*f**2 + 380. Determine q(-6).
7
Let l(r) be the second derivative of -r**3/6 - 3*r**2 + r. Suppose 3*k - 2*b = 5*k - 12, -4